
False
Does 74 divide 1395?
False
Is 9 a factor of 8091?
True
Is 9 a factor of 2094?
False
Does 27 divide 29079?
True
Is 159 a factor of 18105?
False
Is 1021 even?
False
Is 31283 a multiple of 13?
False
Is 32 a factor of 2976?
True
Is 461 a multiple of 194?
False
Does 72 divide 17716?
False
Is 3 a factor of 9?
True
Does 41 divide 16981?
False
Is 14 a factor of 406?
True
Is 97260 a multiple of 20?
True
Is 1025 a multiple of 25?
True
Does 8 divide 2424?
True
Is 3 a factor of 118?
False
Is 13 a factor of 16237?
True
Is 371 a multiple of 53?
True
Is 6959 a multiple of 158?
False
Is 3904 a multiple of 4?
True
Does 2 divide 536?
True
Is 347 a multiple of 7?
False
Does 4 divide 54?
False
Is 3 a factor of 1009?
False
Does 23 divide 129?
False
Does 37 divide 814?
True
Is 24 a factor of 142886?
False
Is 7 a factor of 13931?
False
Is 33396 a multiple of 242?
True
Does 13 divide 17397?
False
Is 1727 a multiple of 11?
True
Is 5 a factor of 14815?
True
Is 32 a factor of 384?
True
Does 5 divide 2062?
False
Is 36 a multiple of 6?
True
Does 9 divide 3960?
True
Is 33 a factor of 771?
False
Is 24 a factor of 264?
True
Is 198 a factor of 15840?
True
Is 308 a multiple of 14?
True
Is 11 a factor of 132?
True
Is 32660 a multiple of 10?
True
Is 3 a factor of 5092?
False
Is 3108 a multiple of 14?
True
Does 87 divide 5133?
True
Is 9191 a multiple of 276?
False
Is 33 a factor of 13332?
True
Does 19 divide 3909?
False
Does 26 divide 119218?
False
Does 18 divide 4428?
True
Is 492 a multiple of 82?
True
Does 11 divide 549?
False
Is 3 a factor of 2120?
False
Does 97 divide 13541?
False
Is 15933 a multiple of 17?
False
Is 74 a factor of 518?
True
Is 12 a factor of 342?
False
Is 14 a factor of 27588?
False
Is 1264 a multiple of 16?
True
Is 11 a factor of 6395?
False
Is 13376 a multiple of 16?
True
Does 6 divide 5160?
True
Is 10 a factor of 464?
False
Does 12 divide 36096?
True
Does 33 divide 29535?
True
Is 17981 a multiple of 82?
False
Does 91 divide 2730?
True
Is 106 a factor of 21025?
False
Is 13083 a multiple of 89?
True
Is 89 a factor of 19135?
True
Is 4799 a multiple of 6?
False
Is 10 a factor of 24530?
True
Is 184 a multiple of 8?
True
Is 41 a factor of 2173?
True
Is 9919 a multiple of 13?
True
Is 322 a factor of 54418?
True
Does 10 divide 7900?
True
Is 10966 a multiple of 13?
False
Is 7 a factor of 513?
False
Is 5694 a multiple of 26?
True
Does 7 divide 2280?
False
Is 2024 a multiple of 46?
True
Does 9 divide 1122?
False
Is 11 a factor of 38897?
False
Is 83 a factor of 11919?
False
Is 117 a factor of 56160?
True
Is 56 a factor of 280?
True
Is 49 a factor of 1921?
False
Is 7 a factor of 691?
False
Is 4 a factor of 6452?
True
Is 865 a multiple of 15?
False
Is 3140 a multiple of 18?
False
Does 7 divide 239?
False
Is 3 a factor of 726?
True
Is 110 even?
True
Is 352 a multiple of 6?
False
Is 32 a factor of 1484?
False
Is 33 a factor of 14017?
False
Is 3878 a multiple of 7?
True
Is 80 a factor of 2400?
True
Is 12 a factor of 36?
True
Is 1211 a multiple of 8?
False
Is 3 a factor of 97?
False
Is 528 a multiple of 33?
True
Does 82 divide 2213?
False
Does 277 divide 12514?
False
Is 36 a factor of 2916?
True
Is 8 a factor of 51?
False
Is 12 a factor of 510?
False
Is 53 a factor of 528?
False
Is 12578 a multiple of 14?
False
Is 28 a factor of 573?
False
Is 899 a multiple of 8?
False
Is 90 a factor of 2520?
True
Is 2341 a multiple of 16?
False
Is 44 a factor of 132?
True
Is 68 a factor of 11012?
False
Is 48761 a multiple of 127?
False
Does 73 divide 1101?
False
Does 13 divide 65?
True
Is 22 a factor of 98?
False
Does 59 divide 4071?
True
Does 8 divide 206?
False
Is 1166 a multiple of 14?
False
Is 18998 a multiple of 7?
True
Is 770 a multiple of 10?
True
Does 46 divide 3902?
False
Is 3 a factor of 8341?
False
Is 311 a multiple of 9?
False
Is 670 a multiple of 12?
False
Is 1350 a multiple of 54?
True
Is 3 a factor of 154?
False
Does 43 divide 86?
True
Is 5 a factor of 315?
True
Does 18 divide 4734?
True
Does 33 divide 4125?
True
Does 34 divide 442?
True
Is 6391 a multiple of 25?
False
Is 14 a factor of 331?
False
Is 8 a factor of 192?
True
Does 24 divide 4442?
False
Does 12 divide 4356?
True
Is 301 a factor of 19866?
True
Is 2052 a multiple of 54?
True
Is 81 a multiple of 2?
False
Is 24 a factor of 2144?
False
Does 7 divide 518?
True
Is 2856 a multiple of 68?
True
Is 53 a factor of 1430?
False
Is 5 a factor of 1229?
False
Does 24 divide 1333?
False
Is 28 a factor of 206?
False
Does 10 divide 24170?
True
Is 7 a factor of 1137?
False
Is 254 even?
True
Is 8715 a multiple of 83?
True
Does 21 divide 37953?
False
Does 59 divide 134487?
False
Is 51 a factor of 25296?
True
Is 20 a factor of 960?
True
Is 11280 a multiple of 24?
True
Is 10494 a multiple of 66?
True
Does 17 divide 8454?
False
Is 28 a factor of 30014?
False
Is 24 a factor of 2808?
True
Is 34 a factor of 3297?
False
Is 1764 a multiple of 54?
False
Is 140 a factor of 15624?
False
Does 15 divide 1376?
False
Is 16 a factor of 7010?
False
Is 21376 a multiple of 44?
False
Is 299 a multiple of 23?
True
Does 28 divide 17265?
False
Does 14 divide 17047?
False
Is 1710 a multiple of 30?
True
Is 295 a multiple of 5?
True
Is 12 a factor of 1810?
False
Does 77 divide 34269?
False
Is 7 a factor of 84?
True
Is 3 a factor of 6942?
True
Does 6 divide 526?
False
Does 24 divide 19704?
True
Is 61217 a multiple of 221?
True
Does 23 divide 9047?
False
Is 124 a factor of 3224?
True
Does 26 divide 1170?
True
Does 14 divide 4632?
False
Is 15 a factor of 3961?
False
Is 14 a factor of 2219?
False
Is 2125 a multiple of 125?
True
Is 2832 a multiple of 12?
True
Does 16 divide 4573?
False
Is 128 a factor of 11018?
False
Is 2500 a multiple of 100?
True
Is 8 a factor of 33?
False
Is 56 a factor of 336?
True
Is 7453 a multiple of 29?
True
Does 78 divide 28197?
False
Is 2430 a multiple of 45?
True
Is 210 a multiple of 14?
True
Does 5 divide 2744?
False
Is 1037 a multiple of 24?
False
Is 34 a factor of 2789?
False
Is 61 a factor of 2745?
True
Is 3 a factor of 12?
True
Is 17848 a multiple of 8?
True
Is 156 a factor of 67487?
False
Is 456 a multiple of 8?
True
Is 2 a factor of 5048?
True
Does 8 divide 472?
True
Is 9 a factor of 2278?
False
Does 103 divide 1545?
True
Is 17 a factor of 47155?
False
Does 8 divide 40983?
False
Is 17673 a multiple of 43?
True
Is 90 a factor of 662?
False
Is 3 a factor of 943?
False
Is 19 a factor of 9367?
True
Does 137 divide 12145?
False
Does 175 divide 26274?
False
Does 36 divide 2808?
True
Does 20 divide 1505?
False
Does 83 divide 7275?
False
Is 180090 a multiple of 29?
True
Is 16 a multiple of 2?
True
Does 5 divide 15994?
False
Is 149 a factor of 23691?
True
Is 1275 a multiple of 7?
False
Is 41600 a multiple of 52?
True
Is 11 a factor of 530?
False
Does 48 divide 461?
False
Is 18637 a multiple of 51?
False
Is 9 a factor of 3177?
True
Is 3 a factor of 113?
False
Is 593 a multiple of 57?
False
Does 16 divide 2224?
True
Does 21 divide 4788?
True
Is 11 a factor of 10956?
True
Is 9800 a multiple of 14?
True
Is 4692 a multiple of 56?
False
Is 25040 a multiple of 11?
False
Is 51 a factor of 25245?
True
Is 5 a factor of 400?
True
Is 8 a factor of 12696?
True
Does 24 divide 3726?
False
Is 1738 a multiple of 22?
True
Does 42 divide 462?
True
Is 266 a multiple of 4?
False
Is 3224 a multiple of 124?
True
Is 443 a multiple of 69?
False
Is 10 a factor of 38576?
False
Is 6487 a multiple of 24?
False
Is 13 a factor of 94432?
True
Does 31 divide 507?
False
Is 40 a factor of 200?
True
Is 65 a factor of 4160?
True
Does 30 divide 4050?
True
Is 9650 a multiple of 10?
True
Does 68 divide 48484?
True
Does 7 divide 11019?
False
Is 8 a factor of 21062?
False
Does 100 divide 11544?
False
Does 22 divide 462?
True
Is 21508 a multiple of 27?
False
Is 10 a factor of 5200?
True
Is 594 a multiple of 11?
True
Is 3828 a multiple of 132?
True
Is 4061 a multiple of 10?
False
Is 9009 a multiple of 99?
True
Does 17 divide 119?
True
Is 4 a factor of 200?
True
Does 69 divide 10557?
True
Is 70503 a multiple of 331?
True
Is 46 a factor of 981?
False
Does 11 divide 1200?
False
Does 8 divide 8?
True
Is 10 a factor of 39425?
False
Is 3587 a multiple of 17?
True
Is 6177 a multiple of 52?
False
Is 34 a factor of 1666?
True
Is 218 a factor of 32700?
True
Is 12420 a multiple of